s the remainder when 83 is divided by h?
13
Let f(n) = -17*n - 2. Let w = 186 + -199. Calculate the remainder when f(w) is divided by 10.
9
Suppose 82 - 27 = 3*x + 8*n, -4*x = -3*n - 5. Let w = -5 + 12. What is the remainder when w is divided by x?
2
Suppose -9061 = -925*c + 912*c. Calculate the remainder when c is divided by 14.
11
Let z = 9308 + -6554. What is the remainder when z is divided by 19?
18
Let l = 678 - 611. What is the remainder when 155 is divided by l?
21
Let l be (0 - (-390)/(-8))*296/111. Let x = l + 133. Calculate the remainder when 35 is divided by 237/18 - (4 - x)/6.
9
Calculate the remainder when 214 is divided by ((-2)/1)/((-77)/(-14) - 6).
2
Let x = 17315 + -16575. Calculate the remainder when x is divided by 225.
65
Calculate the remainder when (3470/(-4))/(1 + (-126)/36) is divided by 165.
17
Let h = -5079 - -5082. Calculate the remainder when 749 is divided by h.
2
Let w = 89 + 162. Let b = 33 - 30. Suppose b*x = 2*t + 145, -2 = -t + 2. What is the remainder when w is divided by x?
47
Let g = 156 + -110. Suppose -c - 26 = g. What is the remainder when 43 is divided by -45*((-4)/18 + 8/c)?
13
What is the remainder when (1197/(-114))/((-6)/200) is divided by 108?
26
Suppose b = 0, 0*o + 1692 = 4*o - 3*b. Calculate the remainder when o is divided by 85.
83
Suppose q - 4 = 0, -6*q + 3*q + 156 = 4*o. Calculate the remainder when 1005 is divided by o.
33
Let l be (-36)/(-10) + 2/5 - -5. Let x(f) = -2*f**3 + 18*f**2 + 7. Calculate the remainder when 13 is divided by x(l).
6
Let u be (-3 + 3 - -3) + 33. Suppose 58*d - 56*d - u = 0. Suppose -l + 210 = 2*l. Calculate the remainder when l is divided by d.
16
Suppose -3*g + 1227 = 2*r, 9*r = 8*r + 4*g + 586. Calculate the remainder when 6 is divided by 5/((-2)/(-2)) + r/(-202).
0
Let i(y) = y**2 - 5*y + 5. Let f be i(5). Let m be (-7 + 2)/f*0. Suppose m = -3*d - 3*d + 198. Calculate the remainder when d is divided by 12.
9
Let j be (-68 - 1) + (29 - 29). Let k = 11 - j. What is the remainder when k is divided by 6?
2
Suppose 0 = -7*j - j + 624. Suppose -5*y + j - 8 = 0. Suppose -2*t = -y - 28. Calculate the remainder when 62 is divided by t.
20
Suppose 0 = -2*n + 160 - 52. Suppose o = -3*g + n + 31, 5*o = 4*g + 501. Calculate the remainder when o is divided by 4.
1
Let m = -5355 - -5407. Calculate the remainder when 1088 is divided by m.
48
Suppose 0 = -2*b - 3*x + 340, 4*b - 9*x + x - 652 = 0. What is the remainder when b is divided by 44?
35
Let f = 4706 + -2870. What is the remainder when f is divided by 115?
111
Let m(w) = -w**3 + 7*w**2 + 10*w - 6. Let a(l) = 3*l**2 + 14*l + 6. Let q be a(-6). Let n = q - 15. What is the remainder when m(-3) is divided by n?
9
Let j = -229 + 232. Suppose d + 3*u - 26 = 0, -5*u - j = -d + 23. What is the remainder when 491 is divided by d?
23
Suppose t - 3*b - 34 = -t, 5*b = -10. Suppose -5*k - 1 = 4*w, -3*k = 5*w + 2 + 9. Calculate the remainder when t is divided by (w/(-14))/(21/147).
0
Suppose 4 = s, -2*s + 5264 = 2*y + 3*s. Calculate the remainder when y is divided by 175.
172
Let m be (4/7)/(12/1218). Suppose -264 + m = -2*j. What is the remainder when j is divided by 26?
25
Let n(t) = -3*t + 12. Let l(g) be the third derivative of -g**4/6 - 9*g**3/2 + 2*g**2. Let y be l(-5). Calculate the remainder when n(y) is divided by 9.
6
Suppose -5*c - 50 = -5*z, -6*z + z + 20 = 5*c. Suppose 0 = -4*i + 4*j + 292, 410 = -2*i + z*i + 4*j. What is the remainder when 233 is divided by i?
77
Let r(w) = 141*w**3 + 3*w**2 + w - 2. Let c be 49/21 - (-20)/(-15). Calculate the remainder when r(c) is divided by 25.
18
Let h(g) = -g**2 - 41*g + 18. What is the remainder when h(-31) is divided by 107?
7
Suppose 137*c - 135*c = 148. Suppose -2*u + 46 + 104 = -y, u = y + c. Let l = 103 - u. Calculate the remainder when 105 is divided by l.
24
Let d(r) = -13*r - 152. Let f = 17 + -5. Calculate the remainder when d(-19) is divided by f.
11
Suppose -114*r - 225 = -3*s - 115*r, 4*s + r - 302 = 0. Calculate the remainder when s is divided by 74.
3
Let b = -53 + 49. Let l(u) = 7*u + 5. Let k be l(b). Let g(r) = -r**2 - 25*r + 27. What is the remainder when g(k) is divided by 15?
13
Let a be (3 + -2)*(-17 - -6). Calculate the remainder when (a/(396/(-48)))/(2/852) is divided by 15.
13
Suppose -287*h + 587 + 3654 = 510. What is the remainder when 2903 is divided by h?
4
Let l(a) = -2 - 35*a + 4*a - 1 - 64*a. Calculate the remainder when l(-2) is divided by 19.
16
Suppose 117 = -8*w + 69. Calculate the remainder when ((-490)/(-5) - w)*2 is divided by 54.
46
Suppose -10*s + 320 = 980. Let z = 100 + s. Calculate the remainder when z is divided by 6.
4
Suppose -8*l = -10*l - 4, 0 = -4*z + 2*l + 1092. Suppose -u - 2*o = -2*u + 63, -4*u + z = -3*o. What is the remainder when u is divided by 24?
23
Let p be (-4 + 484 + 2)*2. Suppose -965*l + 14 = -p*l. What is the remainder when 149 is divided by l?
9
Let d be (-4)/((-12)/9 - 0). Suppose 0 = -15*y + 13*y + 3*w + 93, y - d*w = 45. What is the remainder when 143 is divided by y?
47
Suppose -31*l + 883 + 1008 = 0. Calculate the remainder when 185 is divided by l.
2
Let c(b) = 21*b**2 + 410*b + 41. Calculate the remainder when c(-24) is divided by 19.
17
Suppose 8417*m - 7753*m = 71048. Suppose 2*a - 637 = -3*c, 658 = -a + 3*a - 4*c. What is the remainder when a is divided by m?
2
Suppose -5*n = 10, -186 = -19*f + 17*f - 3*n. Calculate the remainder when f is divided by 61.
35
Calculate the remainder when 21 is divided by 18 + -25 + 5 + 8.
3
Let h(t) = 252*t**3 + 3*t**2 + 19*t - 22. Calculate the remainder when h(1) is divided by 195.
57
Let d = 59 - -3. What is the remainder when -2*218/4*(3 + -4) is divided by d?
47
Let z(b) be the first derivative of -35*b**2 - 24*b - 112. What is the remainder when z(-1) is divided by 25?
21
Suppose 0 = 5*k - 5*z - 580, -40 = -2*z + 7*z. What is the remainder when 554 is divided by k?
14
Suppose -n = 3*l - 1273, 4*n - 5*l + 1267 = 5*n. Suppose -28*m + n = 106. Calculate the remainder when 78 is divided by m.
36
Suppose -107 = 15*y - 2012. Let t = y - 120. Calculate the remainder when 62 is divided by t.
6
Let d(s) = -s**3 + 56*s**2 + 1206*s - 29. Calculate the remainder when d(-17) is divided by 47.
2
Suppose -3*i + 385 = 5*b, i + 12*b = 9*b + 135. What is the remainder when 1322 is divided by i?
2
Let z = -5 + 7. Suppose 3*p - 2*h - 21 = -5, 32 = 3*p + z*h. Let i = 8797 + -8775. Calculate the remainder when i is divided by p.
6
Let o(h) = -h. Let w(f) = -4*f + 7. Let i(b) = -2*o(b) + w(b). Let m be i(5). Let y(s) = -5*s - 1. What is the remainder when 24 is divided by y(m)?
10
Let d(y) = 12*y**2 - 124*y + 1327. Calculate the remainder when d(40) is divided by 30.
27
Let i(s) = 4*s**2 + 8*s + 112. Suppose -8*c - 5*x = -3*c - 95, 5*c + 4*x = 93. Calculate the remainder when i(-7) is divided by c.
14
What is the remainder when 597 is divided by (-1 - 0) + 43581/365 + (-7)/5?
12
Suppose 4*u + 43 = 3*t, 4*t - 235*u + 240*u - 16 = 0. What is the remainder when (-107)/(-2)*6/3 is divided by t?
8
Suppose -3*s + 419 = 25*s - 4733. Calculate the remainder when 745 is divided by s.
9
Suppose -1894 = -26*t - 6834. Calculate the remainder when 11 is divided by -1 - t/170 - (-268)/34.
3
Suppose 0 = 43*m - 33*m. Suppose 5*h - 128 = -3*j, m*j - h - 163 = -4*j. What is the remainder when 204 is divided by j?
40
Let l = 10933 + -9301. What is the remainder when l is divided by 33?
15
Suppose -248 = -3*k + h, 3*k + 98 - 342 = -h. Calculate the remainder when 491 is divided by k.
81
Let a = 46 - 94. Let b = a - -88. Calculate the remainder when b is divided by 16.
8
What is the remainder when 7286/8 - (11 - (-315)/(-28)) is divided by 38?
37
Suppose -96*j + 100*j - 36 = 0. Let x be 6 - (-6)/3*-1. Suppose x*p = -5*u + 138, -4*p - 128 = -5*u - 3*p. What is the remainder when u is divided by j?
8
Suppose 198291 = 231*m + 240*m. Calculate the remainder when m is divided by 43.
34
Calculate the remainder when (-47)/(-517) + (-1 + -1)*(-49454)/44 is divided by 25.
23
Suppose -1333 = -23*l + 116. What is the remainder when 372 is divided by l?
57
Suppose -a - 17 - 12 = 0. Let x(o) = 4*o**2 + 17*o + 38. Let v be x(-4). Let t = a + v. What is the remainder when 27 is divided by t?
2
Let v = -3625 + 3954. Calculate